{"id":46,"date":"2023-10-24T02:18:04","date_gmt":"2023-10-24T02:18:04","guid":{"rendered":"https:\/\/bryangonzalezpublicidad.com\/?page_id=46"},"modified":"2024-01-07T18:43:33","modified_gmt":"2024-01-07T18:43:33","slug":"productos","status":"publish","type":"page","link":"https:\/\/osza.cl\/?page_id=46","title":{"rendered":"EPP BERPA"},"content":{"rendered":"\t\t<div data-elementor-type=\"wp-page\" data-elementor-id=\"46\" class=\"elementor elementor-46\">\n\t\t\t\t<div class=\"elementor-element elementor-element-63ce998 e-con-full e-transform e-flex e-con e-parent\" data-id=\"63ce998\" data-element_type=\"container\" data-e-type=\"container\" data-settings=\"{&quot;_transform_scale_effect&quot;:{&quot;unit&quot;:&quot;px&quot;,&quot;size&quot;:1.2,&quot;sizes&quot;:[]},&quot;_transform_scale_effect_tablet&quot;:{&quot;unit&quot;:&quot;px&quot;,&quot;size&quot;:&quot;&quot;,&quot;sizes&quot;:[]},&quot;_transform_scale_effect_mobile&quot;:{&quot;unit&quot;:&quot;px&quot;,&quot;size&quot;:&quot;&quot;,&quot;sizes&quot;:[]}}\">\n\t\t\t\t<div class=\"elementor-element elementor-element-af1ad4f elementor-widget__width-inherit elementor-widget elementor-widget-image\" data-id=\"af1ad4f\" data-element_type=\"widget\" data-e-type=\"widget\" data-widget_type=\"image.default\">\n\t\t\t\t<div class=\"elementor-widget-container\">\n\t\t\t\t\t\t\t\t\t\t\t\t\t\t\t<img fetchpriority=\"high\" decoding=\"async\" width=\"933\" height=\"211\" src=\"https:\/\/osza.cl\/wp-content\/uploads\/2024\/01\/Banner-EPP-Berpa.jpg\" class=\"attachment-full size-full wp-image-1036\" alt=\"\" srcset=\"https:\/\/osza.cl\/wp-content\/uploads\/2024\/01\/Banner-EPP-Berpa.jpg 933w, https:\/\/osza.cl\/wp-content\/uploads\/2024\/01\/Banner-EPP-Berpa-300x68.jpg 300w, https:\/\/osza.cl\/wp-content\/uploads\/2024\/01\/Banner-EPP-Berpa-768x174.jpg 768w, https:\/\/osza.cl\/wp-content\/uploads\/2024\/01\/Banner-EPP-Berpa-930x211.jpg 930w\" sizes=\"(max-width: 933px) 100vw, 933px\" \/>\t\t\t\t\t\t\t\t\t\t\t\t\t\t\t<\/div>\n\t\t\t\t<\/div>\n\t\t\t\t<\/div>\n\t\t<div class=\"elementor-element elementor-element-f3dc380 e-flex e-con-boxed e-con e-parent\" data-id=\"f3dc380\" data-element_type=\"container\" data-e-type=\"container\">\n\t\t\t\t\t<div class=\"e-con-inner\">\n\t\t<div class=\"elementor-element elementor-element-4b3d0ea e-con-full e-flex e-con e-child\" data-id=\"4b3d0ea\" data-element_type=\"container\" data-e-type=\"container\">\n\t\t\t\t<div class=\"elementor-element elementor-element-f140073 elementor-widget elementor-widget-image\" data-id=\"f140073\" data-element_type=\"widget\" data-e-type=\"widget\" data-settings=\"{&quot;_animation&quot;:&quot;none&quot;}\" data-widget_type=\"image.default\">\n\t\t\t\t<div class=\"elementor-widget-container\">\n\t\t\t\t\t\t\t\t\t\t\t\t\t\t\t<img decoding=\"async\" src=\"https:\/\/osza.cl\/wordpress\/wp-content\/uploads\/2024\/01\/Foto-Cubre-CalzadoCubre-calzado.png\" title=\"\" alt=\"\" class=\"elementor-animation-grow\" loading=\"lazy\" \/>\t\t\t\t\t\t\t\t\t\t\t\t\t\t\t<\/div>\n\t\t\t\t<\/div>\n\t\t\t\t<div class=\"elementor-element elementor-element-efb96aa elementor-widget elementor-widget-heading\" data-id=\"efb96aa\" data-element_type=\"widget\" data-e-type=\"widget\" data-widget_type=\"heading.default\">\n\t\t\t\t<div class=\"elementor-widget-container\">\n\t\t\t\t\t<h2 class=\"elementor-heading-title elementor-size-default\">Cubre calzados<\/h2>\t\t\t\t<\/div>\n\t\t\t\t<\/div>\n\t\t\t\t<div class=\"elementor-element elementor-element-163b83d elementor-widget elementor-widget-text-editor\" data-id=\"163b83d\" data-element_type=\"widget\" data-e-type=\"widget\" data-widget_type=\"text-editor.default\">\n\t\t\t\t<div class=\"elementor-widget-container\">\n\t\t\t\t\t\t\t\t\t<p><strong><span style=\"vertical-align: inherit;\"><span style=\"vertical-align: inherit;\">Descripci\u00f3n de comercializaci\u00f3n<\/span><\/span><\/strong><span style=\"vertical-align: inherit;\"><span style=\"vertical-align: inherit;\"> :<br \/>bols\u00f3n de 20 Paq.de 100 un (2000 un por bols\u00f3n)\u00a0<br \/><\/span><\/span><br \/><strong><span style=\"vertical-align: inherit;\"><span style=\"vertical-align: inherit;\">Recomendado para<\/span><\/span><\/strong><span style=\"vertical-align: inherit;\"><span style=\"vertical-align: inherit;\">:<br \/>Laboratorios\/ farmacias\/ industrias qu\u00edmicas\/Hospitales\/ cl\u00ednicas\/ frigor\u00edficos\/ l\u00e1cteos\/Industrias alimenticias\/ hoteles\/Food service.<\/span><\/span><\/p><p><strong><span style=\"vertical-align: inherit;\"><span style=\"vertical-align: inherit;\">Ventajas y beneficios:<br \/><\/span><\/span><\/strong><span style=\"vertical-align: inherit;\"><span style=\"vertical-align: inherit;\">\u00a0Servir de barrera f\u00edsica a la propagaci\u00f3n de microorganismos.<\/span><\/span><\/p><p><strong><span style=\"vertical-align: inherit;\"><span style=\"vertical-align: inherit;\">Caracter\u00edsticas:<br \/><\/span><\/span><\/strong><span style=\"vertical-align: inherit;\"><span style=\"vertical-align: inherit;\">Material desechable, no hay necesidad de realizar higienizaci\u00f3n o sanitizaci\u00f3n. <\/span><span style=\"vertical-align: inherit;\">Recomendamos que tras el uso el destino lo haga una empresa especializada.<\/span><\/span><\/p><p><strong><span style=\"vertical-align: inherit;\"><span style=\"vertical-align: inherit;\">Recomendaciones de almacenamiento:<br \/><\/span><\/span><\/strong><span style=\"vertical-align: inherit;\"><span style=\"vertical-align: inherit;\">Mantener en lugar limpio, seco, fresco, protegido de la luz, humedad y calor excesivo.<\/span><\/span><\/p>\t\t\t\t\t\t\t\t<\/div>\n\t\t\t\t<\/div>\n\t\t\t\t<\/div>\n\t\t<div class=\"elementor-element elementor-element-f64a5c9 e-con-full e-flex e-con e-child\" data-id=\"f64a5c9\" data-element_type=\"container\" data-e-type=\"container\">\n\t\t\t\t<div class=\"elementor-element elementor-element-b32d7f5 elementor-widget elementor-widget-image\" data-id=\"b32d7f5\" data-element_type=\"widget\" data-e-type=\"widget\" data-widget_type=\"image.default\">\n\t\t\t\t<div class=\"elementor-widget-container\">\n\t\t\t\t\t\t\t\t\t\t\t\t\t\t\t<img decoding=\"async\" src=\"https:\/\/osza.cl\/wordpress\/wp-content\/uploads\/2024\/01\/Foto-Cubre-CalzadoCofiia.png\" title=\"\" alt=\"\" class=\"elementor-animation-grow\" loading=\"lazy\" \/>\t\t\t\t\t\t\t\t\t\t\t\t\t\t\t<\/div>\n\t\t\t\t<\/div>\n\t\t\t\t<div class=\"elementor-element elementor-element-7943408 elementor-widget elementor-widget-heading\" data-id=\"7943408\" data-element_type=\"widget\" data-e-type=\"widget\" data-widget_type=\"heading.default\">\n\t\t\t\t<div class=\"elementor-widget-container\">\n\t\t\t\t\t<h2 class=\"elementor-heading-title elementor-size-default\">Gorro clip \/ Cofia<\/h2>\t\t\t\t<\/div>\n\t\t\t\t<\/div>\n\t\t\t\t<div class=\"elementor-element elementor-element-664640b elementor-widget elementor-widget-text-editor\" data-id=\"664640b\" data-element_type=\"widget\" data-e-type=\"widget\" data-widget_type=\"text-editor.default\">\n\t\t\t\t<div class=\"elementor-widget-container\">\n\t\t\t\t\t\t\t\t\t<p><strong>Descripci\u00f3n de comercializaci\u00f3n<\/strong>:<br \/>bols\u00f3n de 20 Paq.de 100 un (2000 un por bols\u00f3n)\u00a0<\/p><p><strong>Recomendado para<\/strong>:<br \/>Laboratorios\/ farmacias\/ industrias qu\u00edmicas\/Hospitales\/ cl\u00ednicas\/ frigor\u00edficos\/ l\u00e1cteos\/Industrias alimenticias\/ hoteles\/Food service.<\/p><p><strong>Ventajas y beneficios:<br \/><\/strong>Servir de barrera f\u00edsica a la propagaci\u00f3n de microorganismos.<\/p><p><strong>Caracter\u00edsticas:<br \/><\/strong>Adecuado para la protecci\u00f3n de la cabeza del trabajador y para prevenir la ca\u00edda del cabello en el producto, evitando su contaminaci\u00f3n y contacto del cabello con m\u00e1quinas que pueden poner en peligro al trabajador. Producto de Amplio uso en centros sanitarios. Se ajusta c\u00f3modamente a la cabeza.<\/p><p><strong>Recomendaciones de almacenaje:<br \/><\/strong>Mantener en lugar limpio, seco, fresco, protegido de la luz, humedad y calor excesivo.<\/p>\t\t\t\t\t\t\t\t<\/div>\n\t\t\t\t<\/div>\n\t\t\t\t<\/div>\n\t\t\t\t\t<\/div>\n\t\t\t\t<\/div>\n\t\t<div class=\"elementor-element elementor-element-7666090 e-flex e-con-boxed e-con e-parent\" data-id=\"7666090\" data-element_type=\"container\" data-e-type=\"container\">\n\t\t\t\t\t<div class=\"e-con-inner\">\n\t\t<div class=\"elementor-element elementor-element-57d2c14 e-con-full e-flex e-con e-child\" data-id=\"57d2c14\" data-element_type=\"container\" data-e-type=\"container\">\n\t\t\t\t<div class=\"elementor-element elementor-element-a398b0a elementor-widget elementor-widget-image\" data-id=\"a398b0a\" data-element_type=\"widget\" data-e-type=\"widget\" data-widget_type=\"image.default\">\n\t\t\t\t<div class=\"elementor-widget-container\">\n\t\t\t\t\t\t\t\t\t\t\t\t\t\t\t<img decoding=\"async\" width=\"1020\" height=\"1024\" src=\"https:\/\/osza.cl\/wp-content\/uploads\/2024\/01\/Foto-Cubre-CalzadoDelantal-Polietileno-Largo-1020x1024.png\" class=\"elementor-animation-grow attachment-large size-large wp-image-1023\" alt=\"\" srcset=\"https:\/\/osza.cl\/wp-content\/uploads\/2024\/01\/Foto-Cubre-CalzadoDelantal-Polietileno-Largo-1020x1024.png 1020w, https:\/\/osza.cl\/wp-content\/uploads\/2024\/01\/Foto-Cubre-CalzadoDelantal-Polietileno-Largo-300x300.png 300w, https:\/\/osza.cl\/wp-content\/uploads\/2024\/01\/Foto-Cubre-CalzadoDelantal-Polietileno-Largo-150x150.png 150w, https:\/\/osza.cl\/wp-content\/uploads\/2024\/01\/Foto-Cubre-CalzadoDelantal-Polietileno-Largo-768x771.png 768w, https:\/\/osza.cl\/wp-content\/uploads\/2024\/01\/Foto-Cubre-CalzadoDelantal-Polietileno-Largo-1530x1536.png 1530w, https:\/\/osza.cl\/wp-content\/uploads\/2024\/01\/Foto-Cubre-CalzadoDelantal-Polietileno-Largo.png 1907w\" sizes=\"(max-width: 1020px) 100vw, 1020px\" \/>\t\t\t\t\t\t\t\t\t\t\t\t\t\t\t<\/div>\n\t\t\t\t<\/div>\n\t\t\t\t<div class=\"elementor-element elementor-element-98e41b4 elementor-widget elementor-widget-heading\" data-id=\"98e41b4\" data-element_type=\"widget\" data-e-type=\"widget\" data-widget_type=\"heading.default\">\n\t\t\t\t<div class=\"elementor-widget-container\">\n\t\t\t\t\t<h2 class=\"elementor-heading-title elementor-size-default\">Delantal Polietileno Largo<\/h2>\t\t\t\t<\/div>\n\t\t\t\t<\/div>\n\t\t\t\t<div class=\"elementor-element elementor-element-27cb524 elementor-widget elementor-widget-text-editor\" data-id=\"27cb524\" data-element_type=\"widget\" data-e-type=\"widget\" data-widget_type=\"text-editor.default\">\n\t\t\t\t<div class=\"elementor-widget-container\">\n\t\t\t\t\t\t\t\t\t<p><strong>Descripci\u00f3n de comercializaci\u00f3n<\/strong>:<br \/>bols\u00f3n de 10 Paq.de 100 un (1000 un por bols\u00f3n)\u00a0<br \/><br \/><strong>Recomendado para<\/strong>:<br \/>\u00a0Frigor\u00edficos\/ l\u00e1cteos\/Industrias alimenticias\/ cl\u00ednicas\/Food service.<\/p><p><strong>Ventajas y beneficios:<br \/><\/strong>Servir de barrera f\u00edsica a la propagaci\u00f3n de microorganismos.<\/p><p><strong>Caracter\u00edsticas:<br \/><\/strong>Protecci\u00f3n del tronco del usuario, producto no presenta ning\u00fan componente met\u00e1lico en su confecci\u00f3n, o substancia en sus componentes que pueda causar alg\u00fan da\u00f1o al usuario, desde que se use de manera apropiada.<\/p><p><strong>Recomendaciones de almacenaje:<br \/><\/strong>Mantener en lugar limpio, seco, fresco, protegido de la luz, humedad y calor excesivo. (Por tratarse de compuesto a base de polietileno, su contacto con temperaturas altas podr\u00e1 modificar sus caracter\u00edsticas o resistencia mec\u00e1nicas)<\/p>\t\t\t\t\t\t\t\t<\/div>\n\t\t\t\t<\/div>\n\t\t\t\t<\/div>\n\t\t<div class=\"elementor-element elementor-element-ec11539 e-con-full e-flex e-con e-child\" data-id=\"ec11539\" data-element_type=\"container\" data-e-type=\"container\">\n\t\t\t\t<div class=\"elementor-element elementor-element-3345693 elementor-widget elementor-widget-image\" data-id=\"3345693\" data-element_type=\"widget\" data-e-type=\"widget\" data-widget_type=\"image.default\">\n\t\t\t\t<div class=\"elementor-widget-container\">\n\t\t\t\t\t\t\t\t\t\t\t\t\t\t\t<img decoding=\"async\" src=\"https:\/\/osza.cl\/wordpress\/wp-content\/uploads\/2024\/01\/Foto-Cubre-CalzadoCapa-Polietileno.png\" title=\"\" alt=\"\" class=\"elementor-animation-grow\" loading=\"lazy\" \/>\t\t\t\t\t\t\t\t\t\t\t\t\t\t\t<\/div>\n\t\t\t\t<\/div>\n\t\t\t\t<div class=\"elementor-element elementor-element-15ac664 elementor-widget elementor-widget-heading\" data-id=\"15ac664\" data-element_type=\"widget\" data-e-type=\"widget\" data-widget_type=\"heading.default\">\n\t\t\t\t<div class=\"elementor-widget-container\">\n\t\t\t\t\t<h2 class=\"elementor-heading-title elementor-size-default\">Capa Polietileno con el\u00e1stico Azul descartable<\/h2>\t\t\t\t<\/div>\n\t\t\t\t<\/div>\n\t\t\t\t<div class=\"elementor-element elementor-element-a0b2b64 elementor-widget elementor-widget-text-editor\" data-id=\"a0b2b64\" data-element_type=\"widget\" data-e-type=\"widget\" data-widget_type=\"text-editor.default\">\n\t\t\t\t<div class=\"elementor-widget-container\">\n\t\t\t\t\t\t\t\t\t<p><strong>Descripci\u00f3n de comercializaci\u00f3n<\/strong>:<br \/>bols\u00f3n de 10 Paq.de 25 un (250 un por bols\u00f3n)\u00a0<\/p><p><strong>Recomendado para<\/strong>:<br \/>Agricultura \/ industria alimenticia \/ frigor\u00edfico \/ industria qu\u00edmica \/ prestadora de servicios \/ construcci\u00f3n civil \/ l\u00e1cteos<\/p><p><strong>Ventajas y beneficios:<br \/><\/strong>Servir de barrera f\u00edsica a la propagaci\u00f3n de microorganismos.<\/p><p><strong>Caracter\u00edsticas:<br \/><\/strong>Protecci\u00f3n del tronco del usuario, producto no presenta ning\u00fan componente met\u00e1lico en su confecci\u00f3n, o substancia en sus componentes que pueda causar alg\u00fan da\u00f1o al usuario, desde que se use de manera apropiada.<\/p><p><strong>Recomendaciones de almacenaje:<br \/><\/strong>Mantener en lugar limpio, seco, fresco, protegido de la luz, humedad y calor excesivo. (Por tratarse de compuesto a base de polietileno, su contacto con temperaturas altas podr\u00e1 modificar sus caracter\u00edsticas o resistencia mec\u00e1nicas)<\/p>\t\t\t\t\t\t\t\t<\/div>\n\t\t\t\t<\/div>\n\t\t\t\t<\/div>\n\t\t\t\t\t<\/div>\n\t\t\t\t<\/div>\n\t\t<div class=\"elementor-element elementor-element-a50c89d e-flex e-con-boxed e-con e-parent\" data-id=\"a50c89d\" data-element_type=\"container\" data-e-type=\"container\">\n\t\t\t\t\t<div class=\"e-con-inner\">\n\t\t<div class=\"elementor-element elementor-element-b622261 e-con-full e-flex e-con e-child\" data-id=\"b622261\" data-element_type=\"container\" data-e-type=\"container\">\n\t\t\t\t<div class=\"elementor-element elementor-element-039611a elementor-widget elementor-widget-image\" data-id=\"039611a\" data-element_type=\"widget\" data-e-type=\"widget\" data-widget_type=\"image.default\">\n\t\t\t\t<div class=\"elementor-widget-container\">\n\t\t\t\t\t\t\t\t\t\t\t\t\t\t\t<img decoding=\"async\" src=\"https:\/\/osza.cl\/wordpress\/wp-content\/uploads\/2024\/01\/Foto-Cubre-CalzadoMaguilla.png\" title=\"\" alt=\"\" class=\"elementor-animation-grow\" loading=\"lazy\" \/>\t\t\t\t\t\t\t\t\t\t\t\t\t\t\t<\/div>\n\t\t\t\t<\/div>\n\t\t\t\t<div class=\"elementor-element elementor-element-2239474 elementor-widget elementor-widget-heading\" data-id=\"2239474\" data-element_type=\"widget\" data-e-type=\"widget\" data-widget_type=\"heading.default\">\n\t\t\t\t<div class=\"elementor-widget-container\">\n\t\t\t\t\t<h2 class=\"elementor-heading-title elementor-size-default\">Manguilla Polietileno Descartable Azul<\/h2>\t\t\t\t<\/div>\n\t\t\t\t<\/div>\n\t\t\t\t<div class=\"elementor-element elementor-element-977eb1f elementor-widget elementor-widget-text-editor\" data-id=\"977eb1f\" data-element_type=\"widget\" data-e-type=\"widget\" data-widget_type=\"text-editor.default\">\n\t\t\t\t<div class=\"elementor-widget-container\">\n\t\t\t\t\t\t\t\t\t<p><strong>Descripci\u00f3n de comercializaci\u00f3n<\/strong>:<br \/>bols\u00f3n de 10 Paq.de 100 un (1000 un por bols\u00f3n)\u00a0<\/p><p><strong>Recomendado para<\/strong>:<br \/>Agricultura \/ industria alimenticia \/ frigor\u00edfico \/ industria qu\u00edmica \/ prestadora de servicios \/ construcci\u00f3n civil \/ l\u00e1cteos<\/p><p><strong>Ventajas y beneficios:<br \/><\/strong>Servir de barrera f\u00edsica a la propagaci\u00f3n de microorganismos.<\/p><p><strong>Caracter\u00edsticas:<br \/><\/strong>Protecci\u00f3n del brazo y antebrazo del usuario, Producto no presenta ning\u00fan componente met\u00e1lico en su confecci\u00f3n, o substancia en sus componentes que puedan causar alg\u00fan da\u00f1o al usuario, desde que se use de manera apropiada.<\/p><p><strong>Recomendaciones de almacenaje:<br \/><\/strong>Mantener en lugar limpio, seco, fresco, protegido de la luz, humedad y calor excesivo. (Por tratarse de compuesto a base de polietileno, su contacto con temperaturas altas podr\u00e1 modificar sus caracter\u00edsticas o resistencia mec\u00e1nicas)<\/p>\t\t\t\t\t\t\t\t<\/div>\n\t\t\t\t<\/div>\n\t\t\t\t<\/div>\n\t\t<div class=\"elementor-element elementor-element-864e8f2 e-con-full e-flex e-con e-child\" data-id=\"864e8f2\" data-element_type=\"container\" data-e-type=\"container\">\n\t\t\t\t<div class=\"elementor-element elementor-element-a660112 elementor-widget elementor-widget-image\" data-id=\"a660112\" data-element_type=\"widget\" data-e-type=\"widget\" data-widget_type=\"image.default\">\n\t\t\t\t<div class=\"elementor-widget-container\">\n\t\t\t\t\t\t\t\t\t\t\t\t\t\t\t<img decoding=\"async\" src=\"https:\/\/osza.cl\/wordpress\/wp-content\/uploads\/2024\/01\/Foto-Cubre-CalzadoDelantal-Elasticado-Polietileno-con-manga-larga-y-puno.png\" title=\"\" alt=\"\" class=\"elementor-animation-grow\" loading=\"lazy\" \/>\t\t\t\t\t\t\t\t\t\t\t\t\t\t\t<\/div>\n\t\t\t\t<\/div>\n\t\t\t\t<div class=\"elementor-element elementor-element-4d92db9 elementor-widget elementor-widget-heading\" data-id=\"4d92db9\" data-element_type=\"widget\" data-e-type=\"widget\" data-widget_type=\"heading.default\">\n\t\t\t\t<div class=\"elementor-widget-container\">\n\t\t\t\t\t<h2 class=\"elementor-heading-title elementor-size-default\">Delantal Elasticado Polietileno con manga larga y pu\u00f1o<\/h2>\t\t\t\t<\/div>\n\t\t\t\t<\/div>\n\t\t\t\t<div class=\"elementor-element elementor-element-4a0fb2b elementor-widget elementor-widget-text-editor\" data-id=\"4a0fb2b\" data-element_type=\"widget\" data-e-type=\"widget\" data-widget_type=\"text-editor.default\">\n\t\t\t\t<div class=\"elementor-widget-container\">\n\t\t\t\t\t\t\t\t\t<p><strong>Descripci\u00f3n de comercializaci\u00f3n:<\/strong><br \/>bols\u00f3n de 10 Paq.de 25 un (250 un por bols\u00f3n)<\/p><p><strong>Recomendado para:<br \/><\/strong>Industria alimenticia \/ frigor\u00edfico \/hospitales \/cl\u00ednicas.<\/p><p><strong>Ventajas y beneficios:<br \/><\/strong>Protecci\u00f3n del brazo y miembros superiores contra humedad proveniente de operaciones con agua.<\/p><p><strong>Caracter\u00edsticas:<br \/><\/strong>No recomendable contra fen\u00f3menos meteorol\u00f3gicos como lluvia. No es perjudicial para la salud.<\/p><ul><li>El material no tiene migraci\u00f3n de compuestos<\/li><li>No autorizado para el contacto con alimentos.<\/li><li>Resistente al agua, flexible<\/li><\/ul><p><br \/><strong>Recomendaciones de almacenaje:<br \/><\/strong>Mantener en lugar limpio, seco, fresco, protegido de la luz, humedad y calor excesivo. (Por tratarse de compuesto a base de polietileno, su contacto con temperaturas altas podr\u00e1 modificar sus caracter\u00edsticas o resistencia mec\u00e1nicas)<\/p>\t\t\t\t\t\t\t\t<\/div>\n\t\t\t\t<\/div>\n\t\t\t\t<\/div>\n\t\t\t\t\t<\/div>\n\t\t\t\t<\/div>\n\t\t<div class=\"elementor-element elementor-element-605470a e-flex e-con-boxed e-con e-parent\" data-id=\"605470a\" data-element_type=\"container\" data-e-type=\"container\">\n\t\t\t\t\t<div class=\"e-con-inner\">\n\t\t\t\t<div class=\"elementor-element elementor-element-8e5987a elementor-widget-divider--view-line elementor-widget elementor-widget-divider\" data-id=\"8e5987a\" data-element_type=\"widget\" data-e-type=\"widget\" data-widget_type=\"divider.default\">\n\t\t\t\t<div class=\"elementor-widget-container\">\n\t\t\t\t\t\t\t<div class=\"elementor-divider\">\n\t\t\t<span class=\"elementor-divider-separator\">\n\t\t\t\t\t\t<\/span>\n\t\t<\/div>\n\t\t\t\t\t\t<\/div>\n\t\t\t\t<\/div>\n\t\t\t\t\t<\/div>\n\t\t\t\t<\/div>\n\t\t\t\t<\/div>\n\t\t","protected":false},"excerpt":{"rendered":"<p>Cubre calzados Descripci\u00f3n de comercializaci\u00f3n :bols\u00f3n de 20 Paq.de 100 un (2000 un por bols\u00f3n)\u00a0 Recomendado para:Laboratorios\/ farmacias\/ industrias qu\u00edmicas\/Hospitales\/ cl\u00ednicas\/ frigor\u00edficos\/ l\u00e1cteos\/Industrias alimenticias\/ hoteles\/Food service. Ventajas y beneficios:\u00a0Servir de barrera f\u00edsica a la propagaci\u00f3n de microorganismos. Caracter\u00edsticas:Material desechable, no hay necesidad de realizar higienizaci\u00f3n o sanitizaci\u00f3n. Recomendamos que tras el uso el destino lo&hellip;&nbsp;<a href=\"https:\/\/osza.cl\/?page_id=46\" rel=\"bookmark\"><span class=\"screen-reader-text\">EPP BERPA<\/span><\/a><\/p>\n","protected":false},"author":1,"featured_media":0,"parent":0,"menu_order":0,"comment_status":"closed","ping_status":"closed","template":"","meta":{"neve_meta_sidebar":"","neve_meta_container":"","neve_meta_enable_content_width":"","neve_meta_content_width":0,"neve_meta_title_alignment":"","neve_meta_author_avatar":"","neve_post_elements_order":"","neve_meta_disable_header":"","neve_meta_disable_footer":"","neve_meta_disable_title":"","footnotes":""},"class_list":["post-46","page","type-page","status-publish","hentry"],"_links":{"self":[{"href":"https:\/\/osza.cl\/index.php?rest_route=\/wp\/v2\/pages\/46","targetHints":{"allow":["GET"]}}],"collection":[{"href":"https:\/\/osza.cl\/index.php?rest_route=\/wp\/v2\/pages"}],"about":[{"href":"https:\/\/osza.cl\/index.php?rest_route=\/wp\/v2\/types\/page"}],"author":[{"embeddable":true,"href":"https:\/\/osza.cl\/index.php?rest_route=\/wp\/v2\/users\/1"}],"replies":[{"embeddable":true,"href":"https:\/\/osza.cl\/index.php?rest_route=%2Fwp%2Fv2%2Fcomments&post=46"}],"version-history":[{"count":26,"href":"https:\/\/osza.cl\/index.php?rest_route=\/wp\/v2\/pages\/46\/revisions"}],"predecessor-version":[{"id":1049,"href":"https:\/\/osza.cl\/index.php?rest_route=\/wp\/v2\/pages\/46\/revisions\/1049"}],"wp:attachment":[{"href":"https:\/\/osza.cl\/index.php?rest_route=%2Fwp%2Fv2%2Fmedia&parent=46"}],"curies":[{"name":"wp","href":"https:\/\/api.w.org\/{rel}","templated":true}]}}